/2 - s - 5. Let u(l) be the first derivative of j(l). Calculate u(-2).
5
Let j(l) be the third derivative of 0*l + 0 + 7*l**2 + 1/12*l**4 + 1/6*l**3. Calculate j(-1).
-1
Let w be (6/(-6))/(1/(-15)). Suppose -2 = -0*r - r. Suppose -w = p + r*p. Let u(m) = -m**3 - 5*m**2 + m + 6. Determine u(p).
1
Let q(c) = -c**3 + 2*c**2 + 3*c - 4. Let w(g) = -g**2 + 7*g - 5. Let z be w(5). Suppose z*d + 7 + 7 = 3*s, s = -2*d + 1. Determine q(s).
-4
Suppose -4*b - 9 = 3*r + 19, 0 = r - 3*b - 8. Let o = -3 - r. Let m = o + 1. Let t(x) = 3*x - 1. Determine t(m).
5
Suppose 5*a - 2 = -l - 0*l, -5*a = 0. Let i = -4 - l. Let f(g) = -g**3 - 6*g**2 + g + 7. Determine f(i).
1
Let m(b) = -b**3 - 9*b**2 - 7*b + 11. Let h be m(-8). Let v(s) = 3*s - 3*s - h*s + 4*s + 2. Calculate v(2).
4
Let b(s) = 4*s - s**2 - 4*s**2 + 4*s**2 + 0*s**2 + 3. Calculate b(5).
-2
Let r(p) = 3*p + 10. Let n(m) = -1. Let h(f) = 6*n(f) + r(f). What is h(-3)?
-5
Let m(o) = 11*o**3 - 14*o**2 + 21*o + 7. Let g(h) = 5*h**3 - 7*h**2 + 10*h + 3. Let r(t) = -9*g(t) + 4*m(t). Suppose -1 = -d + 5. Give r(d).
1
Let i(m) = 4*m**2 - m. Let z be i(1). Let k(t) = 0*t**2 - 4 + 5*t**2 - t**2 - 4*t + t**z + 1. Determine k(-5).
-8
Let g be 26/(-6) + 8/(-12). Let y(x) = -5*x**2 + 4*x**2 + 3*x**2 + 4 + x - x**3. Let m(k) = k**3 - 2*k**2 - k - 4. Let f(r) = g*m(r) - 6*y(r). Calculate f(3).
2
Let z(h) = -2 - 2 + 2*h + 3 - 1. Let b(p) = 2*p - 1. Let k = 4 - 6. Let s(c) = k*z(c) + 3*b(c). What is s(-2)?
-3
Let m = -12 - -14. Let h(n) = -3*n**2 + n + 1. Give h(m).
-9
Let s(w) = w**2 + 2*w - 4. Suppose -3*r - 2 - 7 = 0. What is s(r)?
-1
Let d(r) = -2*r - 4. Let j(w) = -5*w - 11. Let u(y) = -8*d(y) + 3*j(y). Suppose 0 = -3*q + 9 + 6. Give u(q).
4
Let i(a) = -4 + a**2 + 1 - 2. Let u(g) = g**3 + 5*g**2 + g + 5. Let w be u(-5). Calculate i(w).
-5
Let i be (-38)/19 + (-14)/(-2). Let v(h) = h**2. Let j(y) = -4*y**2 - 5*y + 3. Let z(x) = j(x) + 5*v(x). Give z(i).
3
Let z(j) = j**3 + 3*j**2 + j - 1. Let g be 3/(-3) - (-1 + 2). Let s be z(g). Let d(b) = -b + 1. Calculate d(s).
0
Let c be (-1 + 10/6)*-6. Let s(w) = -w - 1. Calculate s(c).
3
Let w(i) = 3 - 7*i**2 - 7 + i**3 + 0 + 5*i + 8. Let f = 9 + -3. Determine w(f).
-2
Let o(m) = 3 + 8*m + 2 + 2 - 10*m. Calculate o(6).
-5
Let i(h) = h**2 - 16*h - 3. Let f(b) = -b + 1. Let c(y) = 5*f(y) - i(y). Let m be c(12). Let d(o) = o - 3. What is d(m)?
-7
Let t(d) = -d**3 - 2*d**2 + 4. Let s be t(-2). Let f(h) = 3*h - 1. Determine f(s).
11
Let r(q) = 2*q - 1. Let x be r(6). Suppose 63*v - 67*v + 44 = 0. Let s = x - v. Let k(d) = d - 3. What is k(s)?
-3
Suppose -3*y + t = -2*y - 3, t + 11 = 3*y. Let q be -4 + y/(4/2). Let x(n) = 3*n - 4*n - 2*n + 4*n. Calculate x(q).
-2
Let f(u) be the first derivative of 5/3*u**3 + 1/4*u**4 + 2 + 3*u**2 + 0*u. Let w be 4/(-6)*(1 - -5). Determine f(w).
-8
Let y(z) = -z - 6. Let q = -1 + -8. Let a be y(q). Let l(o) = 4 - o**2 + 2 - 2 + 3*o. Calculate l(a).
4
Let h(v) = v. Let j(f) = -13*f + 1. Let o(b) = 22*h(b) + 2*j(b). Calculate o(2).
-6
Let k(l) = -2*l**2 - 4*l**2 - l + 1 + 5*l**2. Let u(t) = 6*t + 2. Let x(g) = k(g) + u(g). Determine x(5).
3
Let m(w) = -w**3 + 5*w**2 + w - 3. Suppose -2*h + h = -1, h - 26 = -5*z. Calculate m(z).
2
Suppose 2*m + 0*m - 18 = 0. Suppose 3*j + m = -3*q, -2*q - 23 = -4*j + q. Let c(b) be the third derivative of b**4/6 - b**3/2 - 24*b**2. Calculate c(j).
5
Suppose 0 = -3*j + 4 - 16. Suppose 19 = 2*y + m, y - 4*m - 1 = -2*y. Let u(d) = -4*d - 1 - 4*d**2 + y*d**2 - 4*d**2. Calculate u(j).
-1
Let b(v) = -v**3. Let w be b(0). Let f(o) = 4*o**2 + 4*o - 2. Let x = -3 + 6. Let k(m) = -5*m**2 - 5*m + 1. Let i(p) = x*k(p) + 4*f(p). Determine i(w).
-5
Suppose -b = -5*b - 20. Let d(x) = x**2 + 3*x - 7. Give d(b).
3
Let w(s) = -s**3 - s**2 - s. Let k be 2 - (-1 + 3 - 0). Let g be k/(-1) + -1 - -1. Give w(g).
0
Let x(d) = d - 1. Let v(s) = s + 3*s - 2*s - 2. Let y = -1 - 1. Let f(g) = y*v(g) + 5*x(g). Give f(2).
1
Let f = -12 - -15. Let s(o) be the first derivative of o**5/120 + o**4/12 + o**3/3 - 2. Let i(k) be the third derivative of s(k). Give i(f).
5
Let k be (-1)/((-1)/2 - -1). Let h be (-2)/(-13) - k/(-13). Let t(d) = d**2 + 5. Let v(i) = i**2 + 5. Let g(n) = 3*t(n) - 2*v(n). Give g(h).
5
Let o = 18 - 10. Suppose 2*r = -2*r + o. Let v be r*(-1 + 3 - 0). Let h(k) = -k**2 + 3*k - 2. Calculate h(v).
-6
Let z(r) be the first derivative of 4*r**3 - r**2 - r - 10. Determine z(-1).
13
Let r(b) = 6 + 7*b + 1 - 8*b. Calculate r(5).
2
Let n(a) = -8 + a + 0 + 1. Let f be n(5). Let z(h) = h**3 + h**2 + 3*h + 2. Determine z(f).
-8
Let c(r) = r**2 + 16*r + 3. Let i be c(-16). Let t(u) be the first derivative of -1/2*u**2 + 5*u - 1/4*u**4 + 4/3*u**i - 1. Give t(4).
1
Let s(v) = -10*v + 11*v - 3 - 2 + 1. Let j(g) = -g + 7. Let f be j(7). Give s(f).
-4
Let q be (-6)/(-15) - 24/10. Let o(u) = -5*u**2 + 2*u. Let l(y) = -9*y**2 + 3*y. Let b(p) = -3*l(p) + 5*o(p). Determine b(q).
6
Let c(s) = s**3 + 4*s**2 - s - 4. Suppose -2*r = r - 48. Suppose -3*d - 12 = 3*f, -6*d - 2*f = -2*d + r. Give c(d).
0
Let c(k) be the third derivative of -k**5/60 + k**4/12 - k**3/3 + k**2. Let z be c(2). Let a(h) = h**3 + h**2 - 2*h - 3. Give a(z).
-3
Let x(s) = s**2 - 4*s + 5. Let n(f) = -f**2 - 6*f - 5. Let b be n(-4). Let u(z) = 1 + 1 - z + 2*z. Let a be u(b). Determine x(a).
10
Let x(w) = w**3 - 6*w**2 - 2*w + 7. Suppose 11*h - 36 = 5*h. Determine x(h).
-5
Suppose 3*p + 1 - 7 = 0. Let h(l) = -2 - p*l + 3*l + 0 + 1. Determine h(2).
1
Let g be (-2 - 0)/((-2)/(-5)). Let c = 0 + 2. Let m(d) = -5*d - d**3 + 6 - d - c + 4*d**2 - 10*d**2. What is m(g)?
9
Suppose -5*r - 4*t = -28, -5*r - 5*t + 6 = -24. Let g = r + -1. Let n(a) = a**2 - 3*a - 4. What is n(g)?
-4
Let n(k) = -k**2 - 8*k - 7. Suppose -r + 3 - 9 = 0. What is n(r)?
5
Let l(r) = -r**2 - 4*r - 5. Let n(u) = -u + 10. Let f be n(7). Suppose 0 = f*i + 12 + 3. Give l(i).
-10
Let u(y) be the second derivative of y**4/12 - y**3 + y**2 + 4*y. Suppose -4*f + f = -12. What is u(f)?
-6
Suppose l = -4*o - 18, 0 = -l + 5*l - o + 4. Let a(p) = 2 + 4*p + 3*p - p. Calculate a(l).
-10
Let n(u) = u. Suppose 3*a + 2*c - 24 = 0, a - 5 - 3 = c. Suppose -5*t = -t + a. Let r be 2/(t*2/2). Give n(r).
-1
Let v be -1 + 10 - (3 + 0). Suppose 4*s + 2 = -3*l - v, -7 = l - 3*s. Let j(y) = -y**3 - 5*y**2 - 4*y - 2. Give j(l).
-2
Let t(a) = -a**3 - a**2 - a - 2. Let k be t(-2). Suppose k*l = 4*n - 4, 5*n = -0*l + 3*l + 3. Let f(r) = -8 + 2*r - r - r**2 + n*r. Give f(0).
-8
Let r be ((-3)/(-6))/((-1)/(-4)). Let n(q) = 3 - 4*q + 5 - q**r + 0 - 1. Give n(-5).
2
Suppose 0 = v - 3 + 1. Let b(n) be the first derivative of 5/2*n**2 - 3*n + 1/4*n**4 - v - 2*n**3. Calculate b(5).
-3
Let x(c) = -3*c**2 - 14*c + 6. Let m(s) = 2*s**2 + 8*s - 3. Let g(a) = 5*m(a) + 3*x(a). Determine g(3).
6
Let l = -95 - -93. Let d(r) = -r**3 - 3*r**2 - 4*r - 3. Let z(c) = -c**3 - 2*c**2 - 2*c - 2. Let x(o) = 3*d(o) - 5*z(o). Calculate x(l).
-7
Let z be (6*1)/((-36)/(-24)). Suppose 11 = 2*s - 5*g, -2*g + 0*g - 2 = 0. Suppose 3*o - 14 + 2 = -s*l, -z*l = o - 16. Let x(m) = m**3 - m**2 + m - 5. Give x(o).
-5
Let h(s) = -11 + 11 + 3*s - s**2. Let b be ((-66)/(-15))/(3/15). Suppose -5*u + 0 = -4*v + 2, 4*v + 5*u = b. Determine h(v).
0
Suppose -2 = 4*i - 14. Let c be ((-2)/i)/(12/90). Let y(w) = w**2 + 3*w - 4. Give y(c).
6
Let m(k) be the second derivative of 0 + 2*k - k**3 - 1/12*k**4 - 7/2*k**2. What is m(-6)?
-7
Let y be 2*-2 + 0 + 0. Let l(r) = 9*r**3 - 5*r**3 - 4*r**2 + 5*r - 3*r**3 + 3*r**2. Let c(v) = -v**3 - 4*v. Let o(x) = 5*c(x) + 4*l(x). Determine o(y).
0
Let g = -5 - -12. Let z(i) = -4*i**3 - 25*i**2 + 5*i - 5. Let o(u) = -u**3 - 8*u**2 + 2*u - 2. Let p(k) = g*o(k) - 2*z(k). Determine p(5).
-9
Let d(n) be the third derivative of -n**7/5040 - n**5/60 - 8*n**2. Let w(p) be the third derivative of d(p). Determine w(2).
-2
Let h(y) = 0 + 13 + 2 + y. Determine h(-9).
6
Let b(g) = -g**3 + 1. Let q(y) = 10*y**3 - 2*y**2 + 2*y + 2. Let j(v) = 3*b(v) - q(v). Suppose -5 = -o, -w - 5*o = -3*w - 23. Determine j(w).
-12
Let d be 8 + (0 - (0 - -2)). Let o = 5 - d. Let q(v) = -7*v**3 + 0*v - 4 - 2*v + 5 + 3*v. Determine q(o).
7
Let b(x) = 6*x + 23. Let u be b(-4). Let q(s) = -10*s - 1. Calculate q(u).
9
Let c(l) = -l - 3. Suppose -10 + 25 = -5*z. Give c(z).
0
Let n(v) = -v**2 + 4*v + 